et n(d) = 18*d - 85. Let q be n(5). What is the units digit of x(q)?
5
Let q(o) = o**3 - o**2 + o + 31. Let n be q(0). Let m = 31 - n. What is the units digit of 23/1 + 1 + m?
4
Let q = 219 - -53. Let u = q - 164. What is the tens digit of u?
0
Let y(w) = w**3 + w + 1. Let d(v) = 6*v**3 - 15*v**2 + 12*v + 52. Let h(b) = d(b) - 5*y(b). What is the units digit of h(17)?
4
Let k(l) = -81*l**3 + 7*l**2 - 28*l - 55. What is the tens digit of k(-6)?
6
Suppose 2*s = 7*s - 2*m - 9838, s = -4*m + 1994. What is the thousands digit of s?
1
Let n = 66 + -66. Suppose 2*a = -3*m, -m + n*a + 2*a + 8 = 0. What is the units digit of -4 + (0 + 2 - (-180)/m)?
8
Let r(y) be the first derivative of y**2/2 + 10*y - 2. Let q be r(4). What is the units digit of 49/q*4*1?
4
Let k = -72 + 72. Suppose -3*r + 5*x + 25 = k, 3*x = 2*r - 11 - 5. Suppose 3*b - o - 503 = -2*o, r*b = 2*o + 842. What is the tens digit of b?
6
Suppose 7*o + 131168 = 4*a + 11*o, -32788 = -a - 2*o. What is the ten thousands digit of a?
3
Suppose -5*q - 58 = -108. Let p(w) = 28*w + 46. What is the units digit of p(q)?
6
Let h(p) = -p**2 - 3*p. Let t be h(0). Suppose 0*w + 2*w - 4*z - 568 = 0, w + 4*z - 284 = t. Suppose 0 = 4*q - w + 28. What is the tens digit of q?
6
Suppose 0 = f + o - 66611, 25*f + 4*o + 66581 = 26*f. What is the hundreds digit of f?
6
Let n be 1/(4/16*2). Suppose k + n*r - 19 = 4*r, k = -r + 13. What is the hundreds digit of 10/k + 2 + (-992)/(-6)?
1
Let c = 7653 - 1550. Suppose 3*v - c = 4*i, 0 = 5*v - 4*i - 5545 - 4616. What is the tens digit of v?
2
What is the hundreds digit of -23 + (-147657)/(-3) - 8?
1
Let b = 4361 - 3053. Suppose -3*p - b = -9*p. What is the hundreds digit of p?
2
Let i = 1681 + -923. Suppose -5*v + i = -a, 2*a + 610 = 7*v - 3*v. Suppose -4*z + 3*p = -173, -2*z + 5*z - v = -2*p. What is the tens digit of z?
4
Suppose -3*r + l + 7 = -8, 5*l = r - 19. Suppose -2*u + 3*g + 1136 = 0, r*g + 4 = 5*g. What is the tens digit of u?
7
Suppose -20 = 3*h - 8*h. Suppose -h = -u, 4*p = 5*u + 357 + 47. What is the hundreds digit of p?
1
Let b(o) = 4*o**2 - 7*o + 378. What is the units digit of b(-37)?
3
Suppose -3827 = 4*z - 35832 - 507. What is the units digit of z?
8
Let m(r) = -24*r**3 + 10*r + 14. What is the hundreds digit of m(-5)?
9
Suppose -86*m + 14759140 = 121*m + 85*m. What is the ten thousands digit of m?
5
Let d = 6852 - 2542. What is the units digit of d?
0
Let m be ((-34)/6 - -5)*381. Let q = 358 + m. What is the hundreds digit of q?
1
Let c(o) = o**2 + 5*o - 28. Let u be c(-17). Suppose 32*i - u = 21*i. What is the tens digit of i?
1
Let y(p) = -216*p + 94. Let f(r) = 217*r - 101. Let b(o) = -3*f(o) - 2*y(o). What is the tens digit of b(-6)?
2
Let n(s) = s**3 - 5*s**2 - 8*s + 38. Let d be n(4). Let p(u) = -34*u - 199. What is the tens digit of p(d)?
4
Let r(a) = -16*a + 16. Let d be r(5). Let j = 315 + -230. Let i = d + j. What is the tens digit of i?
2
Let b = 28452 + -14636. What is the thousands digit of b?
3
Let s(t) = -t - 7. Let d be s(-13). Suppose -4*v + d*v = 2. What is the hundreds digit of (-1)/((311/104 - 3)*v)?
1
Let w(p) = 185*p + 6. Let a(d) = -93*d - 4. Let h(r) = 7*a(r) + 3*w(r). What is the units digit of h(-1)?
6
Let y(k) be the third derivative of -14/3*k**3 + 0 - 4*k**2 - 7/8*k**4 + 0*k. What is the tens digit of y(-5)?
7
What is the tens digit of ((-28226)/3)/(1610/69 + -24)?
1
Let k = 8 - -1. Suppose 5*q - 6 = k. Suppose -q*a + 5 = 2. What is the units digit of a?
1
Let q be (4/5)/((-24)/(-180)). Let t(k) = k**3 + 5*k**2 - 31*k - 11. What is the units digit of t(q)?
9
Suppose -3*j + 7*j + v = 9135, 3*j + 3*v - 6849 = 0. What is the units digit of j?
4
Suppose 0*n + 2*n + 4*t - 26 = 0, 3*t = n + 7. Suppose 0 = 5*z - b - 1145, -8*z + n*z + 695 = b. What is the tens digit of z?
3
Let q = 23 + 31. What is the units digit of (4 + 4/8)/(3/q)?
1
Let f(u) = 8*u - 36. Let a be f(5). Suppose 322 = 3*p + a*m + 814, -2*m + 510 = -3*p. Let h = 298 + p. What is the hundreds digit of h?
1
Let f be ((-2)/(-8))/(40/800). Suppose -f*o + 6921 = -46*u + 45*u, 0 = 3*u + 3. What is the hundreds digit of o?
3
Suppose 10*a + a = -330. What is the hundreds digit of 54/(-405) - 8194/a?
2
Let p = -55683 - -105819. What is the hundreds digit of p?
1
Let h = 2507 - 1755. Let y = h + -532. Suppose 4*n - 2*r - 174 = -0*n, 0 = 5*n - 5*r - y. What is the units digit of n?
3
Suppose -93*l = 1660416 - 8807652. What is the ten thousands digit of l?
7
Let a(v) = 3*v**3 + 35*v + 11. Let p(m) = -m**3 - 17*m - 6. Let j(s) = 2*a(s) + 5*p(s). What is the tens digit of j(8)?
8
Let c = 47 - 20. Let x = c - 0. Suppose 0 = -21*h + x*h - 1278. What is the units digit of h?
3
Let i be 4/(-12)*-57 + 2. Let y be (10/6)/(7/i). Suppose 0 = -y*u + 125 + 80. What is the tens digit of u?
4
Suppose -w - 10 = 4*w + r, 0 = 3*w + 3*r + 18. What is the tens digit of w - -1 - (3 + 6740)/(-11)?
1
Let v(l) = 3*l**2 - 16*l + 11. Let n be v(10). Let w = n + -144. Suppose -143 = -w*p + 4. What is the units digit of p?
1
Suppose 3*z + 473 + 574 = 0. Let d = 961 + z. What is the tens digit of d?
1
Let i be (12/3 - 10) + -6. Let f = i - -191. What is the tens digit of f?
7
Suppose 14 = -2*d + 4*d + 2*s, 15 = 5*d + s. Suppose 4*r + d*r - 6 = 0. What is the units digit of (3 - r)/((-13)/(-520))?
0
What is the ten thousands digit of 13244/(-352) - -38 - 587749/(-8)?
7
Let z = 1919 - 927. Suppose -26*c = -13568 - z. What is the hundreds digit of c?
5
Suppose -6*v + 172 = -944. Suppose 36 = -6*t + v. Let y = t - -30. What is the units digit of y?
5
Suppose -8169 = 8*y - 3*y + x, 5*x - 6541 = 4*y. Let h = -1136 - y. What is the tens digit of h?
9
Suppose 2747 = 3*s - 5*u - 19004, -2*u + 7254 = s. What is the thousands digit of s?
7
Suppose 0 = -2*n, -5*k + 150 = -6*n + 9*n. Suppose 0 = -k*g + 34*g + 2*y - 3892, 3912 = 4*g - 3*y. What is the units digit of g?
5
Suppose -367*k = -199*k - 469728. What is the thousands digit of k?
2
Suppose -59 - 11 = -5*y. Let f be 2/y - 220/70. What is the tens digit of f - 53*2/(-2)?
5
Let x(c) = c**3 + 21*c**2 - c + 28. Let p be x(-21). Let s be 3/6 + 98/(-4). Let y = p + s. What is the tens digit of y?
2
Suppose 191*m = 184*m - 1022. Let p = m + 283. What is the hundreds digit of p?
1
Let l be 3 + -2 + (-3 - -4 - 0). Suppose 0*m + l*m = -4*d - 26, -3*m = d + 4. What is the tens digit of 1/(d/(-21)) + -1 + 60?
6
Let y be -3*3/27*0. Suppose y = 8*t - 11*t - 162. What is the hundreds digit of (t/(-45))/(2*(-1)/(-220))?
1
Let d = -23 - -31. Suppose -d*j - 258 = 294. Let n = -19 - j. What is the tens digit of n?
5
Let d(x) = 2*x**2 + 129*x + 3206. What is the tens digit of d(-59)?
5
Suppose -4*s - 4*p = p - 13697, -4*s = -6*p - 13730. What is the thousands digit of s?
3
Suppose -8*f + 375 = -11*f. Let a = 234 - f. What is the hundreds digit of a?
3
Let g = 18257 - 8947. What is the units digit of g?
0
Let v(a) = 99*a**2 - 3*a - 2. Let q be v(-2). Suppose 4*m + l + 4 = 0, -5*m = -l - 11 + 7. Suppose 12*c - 8*c - q = m. What is the units digit of c?
0
Let x(q) = 335*q**2 + 31*q + 215. What is the tens digit of x(-10)?
0
Suppose 5*m + 2*k = -0*m, 0 = -m + k. Suppose 13 = l + 3*x, m = 2*x - 2 - 2. Suppose -l*g = 13 - 76. What is the units digit of g?
9
Let l(d) = 909*d**2 + 760*d + 1. What is the ten thousands digit of l(4)?
1
Suppose 0 = -3*i + 3, 18*w + 5*i = 16*w + 6841. What is the tens digit of w?
1
What is the units digit of 104183/7 + (100/(-28))/(-5)?
4
Suppose -2*p = h - 1238 - 941, -4*h - p = -8751. Suppose h + 2107 = 3*m. What is the tens digit of m?
3
Let a(b) = b**2 + 4*b + 3. Let w = -47 + 44. Let s be a(w). Suppose 0 = 3*z + 3*d + 2*d - 142, -5*z + 3*d + 180 = s. What is the units digit of z?
9
Let r(d) = -4*d**3 + 2*d**2 - 8*d + 10. Let l(s) = s**3 - 1. Let m(t) = 5*l(t) + r(t). Let p be m(-4). Let h(f) = 19*f + 16. What is the hundreds digit of h(p)?
1
Suppose 2*p - 2937 = -1369. Suppose 444*i = 446*i - p. What is the hundreds digit of i?
3
Let n = -19 - -20. Let t be 36/10*(n + -5 + 9). What is the units digit of 87/17 + t/(-153)?
5
Suppose 118*m - 327879 - 489861 = 0. What is the hundreds digit of m?
9
Let u(t) = -98*t**3 - 2*t**2 + 1. Let a be u(-1). Suppose 4*k = -4*c - 208, -3*c - 104 = -c - 2*k. Let r = a + c. What is the tens digit of r?
4
Let n(m) =